{"id":832,"date":"2020-05-29T20:18:03","date_gmt":"2020-05-30T00:18:03","guid":{"rendered":"http:\/\/www.sydneyhart.com\/?page_id=832"},"modified":"2021-07-19T18:18:25","modified_gmt":"2021-07-19T22:18:25","slug":"national-gall","status":"publish","type":"page","link":"https:\/\/www.sydneyhart.com\/index.php\/national-gall\/","title":{"rendered":"National Gall"},"content":{"rendered":"<div class=\"boldgrid-section\">\n<div class=\"container\">\n<div class=\"row\">\n<div class=\"col-md-12 col-xs-12 col-sm-12\">\n<div class=\"grid-plus-container grid-69dee8be4428a attachment \"\n     id=\"69dee8be4428a\"\n     data-grid-name=\"National Gall exhibition\"\n     data-animation=\"none\">\n    <div class=\"grid-stack-container grid-plus-inner\"\n         data-ajax-url=\"https:\/\/www.sydneyhart.com\/wp-admin\/admin-ajax.php\"\n         data-grid-id=\"5d9fb14f6b2af\"\n         data-current-category=\"\"\n         data-section-id=\"69dee8be4428a\"\n         data-gutter=\"15\"\n         data-columns=\"2\"\n         data-height-ratio=\"1\"\n         data-width-ratio=\"1\"\n         data-desktop-columns=\"2\"\n         data-tablet-columns=\"2\"\n         data-mobile-columns=\"1\"\n         data-layout-type=\"grid\"\n         data-fix-item-height=\"false\"\n         data-nonce=\"d170251386\"\n    >\n        \n        <div class=\"grid-stack grid-stack-2\" data-layout=\"grid\"\n             style=\"height: 4685px\">\n        <\/div>\n        <div class=\"grid-items\">\n                            <div class=\"item\" data-gs-x=\"0\"\n                     data-gs-y=\"0\"\n                     data-gs-width=\"1\"\n                     data-gs-height=\"47\"\n                     data-skin=\"thumbnail-icon-gallery\"\n\n                     data-desktop-gs-x=\"0\"\n                     data-desktop-gs-y=\"0\"\n                     data-desktop-gs-width=\"1\"\n                     data-desktop-gs-height=\"47\"\n                     data-desktop-skin=\"thumbnail-icon-gallery\"\n\n                     data-image-width=\"700\"\n                     data-image-height=\"467\"\n                >\n                    <div class=\"grid-post-item thumbnail thumbnail-icon\" data-thumbnail-only=\"1\">\n    <div class=\"thumbnail-image\" data-img=\"https:\/\/www.sydneyhart.com\/wp-content\/uploads\/2019\/10\/IMG_3756-1.jpg\">\n                    <img decoding=\"async\" src=\"https:\/\/www.sydneyhart.com\/wp-content\/uploads\/2019\/10\/IMG_3756-1.jpg\" alt=\"IMG_3756\" >\n                <div class=\"hover-outer transition-30\">\n                            <a href=\"https:\/\/www.sydneyhart.com\/img_3756-2\/\" title=\"IMG_3756\"><\/a>\n                        <div class=\"hover-inner transition-50\">\n                <div class=\"icon-groups\">\n                    <a href=\"javascript:;\" class=\"view-gallery\" data-post-id=\"754\" data-src=\"https:\/\/www.sydneyhart.com\/wp-content\/uploads\/2019\/10\/IMG_3756-1.jpg\"\n                       data-ajax-url=\"https:\/\/www.sydneyhart.com\/wp-admin\/admin-ajax.php?_wpnonce=80fb12a349\"><i class=\"fa fa-search\"><\/i><\/a>\n                <\/div>\n            <\/div>\n        <\/div>\n    <\/div>\n<\/div>\n                <\/div>\n                                <div class=\"item\" data-gs-x=\"1\"\n                     data-gs-y=\"0\"\n                     data-gs-width=\"1\"\n                     data-gs-height=\"47\"\n                     data-skin=\"thumbnail-icon-gallery\"\n\n                     data-desktop-gs-x=\"1\"\n                     data-desktop-gs-y=\"0\"\n                     data-desktop-gs-width=\"1\"\n                     data-desktop-gs-height=\"47\"\n                     data-desktop-skin=\"thumbnail-icon-gallery\"\n\n                     data-image-width=\"700\"\n                     data-image-height=\"467\"\n                >\n                    <div class=\"grid-post-item thumbnail thumbnail-icon\" data-thumbnail-only=\"1\">\n    <div class=\"thumbnail-image\" data-img=\"https:\/\/www.sydneyhart.com\/wp-content\/uploads\/2019\/10\/IMG_3999.jpg\">\n                    <img decoding=\"async\" src=\"https:\/\/www.sydneyhart.com\/wp-content\/uploads\/2019\/10\/IMG_3999.jpg\" alt=\"IMG_3999\" >\n                <div class=\"hover-outer transition-30\">\n                            <a href=\"https:\/\/www.sydneyhart.com\/img_3999\/\" title=\"IMG_3999\"><\/a>\n                        <div class=\"hover-inner transition-50\">\n                <div class=\"icon-groups\">\n                    <a href=\"javascript:;\" class=\"view-gallery\" data-post-id=\"753\" data-src=\"https:\/\/www.sydneyhart.com\/wp-content\/uploads\/2019\/10\/IMG_3999.jpg\"\n                       data-ajax-url=\"https:\/\/www.sydneyhart.com\/wp-admin\/admin-ajax.php?_wpnonce=80fb12a349\"><i class=\"fa fa-search\"><\/i><\/a>\n                <\/div>\n            <\/div>\n        <\/div>\n    <\/div>\n<\/div>\n                <\/div>\n                                <div class=\"item\" data-gs-x=\"0\"\n                     data-gs-y=\"47\"\n                     data-gs-width=\"1\"\n                     data-gs-height=\"47\"\n                     data-skin=\"thumbnail-icon-gallery\"\n\n                     data-desktop-gs-x=\"0\"\n                     data-desktop-gs-y=\"47\"\n                     data-desktop-gs-width=\"1\"\n                     data-desktop-gs-height=\"47\"\n                     data-desktop-skin=\"thumbnail-icon-gallery\"\n\n                     data-image-width=\"700\"\n                     data-image-height=\"467\"\n                >\n                    <div class=\"grid-post-item thumbnail thumbnail-icon\" data-thumbnail-only=\"1\">\n    <div class=\"thumbnail-image\" data-img=\"https:\/\/www.sydneyhart.com\/wp-content\/uploads\/2019\/10\/IMG_3857-1.jpg\">\n                    <img decoding=\"async\" src=\"https:\/\/www.sydneyhart.com\/wp-content\/uploads\/2019\/10\/IMG_3857-1.jpg\" alt=\"IMG_3857\" >\n                <div class=\"hover-outer transition-30\">\n                            <a href=\"https:\/\/www.sydneyhart.com\/img_3857-2\/\" title=\"IMG_3857\"><\/a>\n                        <div class=\"hover-inner transition-50\">\n                <div class=\"icon-groups\">\n                    <a href=\"javascript:;\" class=\"view-gallery\" data-post-id=\"757\" data-src=\"https:\/\/www.sydneyhart.com\/wp-content\/uploads\/2019\/10\/IMG_3857-1.jpg\"\n                       data-ajax-url=\"https:\/\/www.sydneyhart.com\/wp-admin\/admin-ajax.php?_wpnonce=80fb12a349\"><i class=\"fa fa-search\"><\/i><\/a>\n                <\/div>\n            <\/div>\n        <\/div>\n    <\/div>\n<\/div>\n                <\/div>\n                                <div class=\"item\" data-gs-x=\"1\"\n                     data-gs-y=\"47\"\n                     data-gs-width=\"1\"\n                     data-gs-height=\"47\"\n                     data-skin=\"thumbnail-icon-gallery\"\n\n                     data-desktop-gs-x=\"1\"\n                     data-desktop-gs-y=\"47\"\n                     data-desktop-gs-width=\"1\"\n                     data-desktop-gs-height=\"47\"\n                     data-desktop-skin=\"thumbnail-icon-gallery\"\n\n                     data-image-width=\"700\"\n                     data-image-height=\"467\"\n                >\n                    <div class=\"grid-post-item thumbnail thumbnail-icon\" data-thumbnail-only=\"1\">\n    <div class=\"thumbnail-image\" data-img=\"https:\/\/www.sydneyhart.com\/wp-content\/uploads\/2019\/10\/IMG_3842-1.jpg\">\n                    <img decoding=\"async\" src=\"https:\/\/www.sydneyhart.com\/wp-content\/uploads\/2019\/10\/IMG_3842-1.jpg\" alt=\"IMG_3842\" >\n                <div class=\"hover-outer transition-30\">\n                            <a href=\"https:\/\/www.sydneyhart.com\/img_3842-2\/\" title=\"IMG_3842\"><\/a>\n                        <div class=\"hover-inner transition-50\">\n                <div class=\"icon-groups\">\n                    <a href=\"javascript:;\" class=\"view-gallery\" data-post-id=\"756\" data-src=\"https:\/\/www.sydneyhart.com\/wp-content\/uploads\/2019\/10\/IMG_3842-1.jpg\"\n                       data-ajax-url=\"https:\/\/www.sydneyhart.com\/wp-admin\/admin-ajax.php?_wpnonce=80fb12a349\"><i class=\"fa fa-search\"><\/i><\/a>\n                <\/div>\n            <\/div>\n        <\/div>\n    <\/div>\n<\/div>\n                <\/div>\n                                <div class=\"item\" data-gs-x=\"0\"\n                     data-gs-y=\"94\"\n                     data-gs-width=\"1\"\n                     data-gs-height=\"47\"\n                     data-skin=\"thumbnail-icon-gallery\"\n\n                     data-desktop-gs-x=\"0\"\n                     data-desktop-gs-y=\"94\"\n                     data-desktop-gs-width=\"1\"\n                     data-desktop-gs-height=\"47\"\n                     data-desktop-skin=\"thumbnail-icon-gallery\"\n\n                     data-image-width=\"700\"\n                     data-image-height=\"467\"\n                >\n                    <div class=\"grid-post-item thumbnail thumbnail-icon\" data-thumbnail-only=\"1\">\n    <div class=\"thumbnail-image\" data-img=\"https:\/\/www.sydneyhart.com\/wp-content\/uploads\/2019\/10\/IMG_3865-1.jpg\">\n                    <img decoding=\"async\" src=\"https:\/\/www.sydneyhart.com\/wp-content\/uploads\/2019\/10\/IMG_3865-1.jpg\" alt=\"IMG_3865\" >\n                <div class=\"hover-outer transition-30\">\n                            <a href=\"https:\/\/www.sydneyhart.com\/img_3865-2\/\" title=\"IMG_3865\"><\/a>\n                        <div class=\"hover-inner transition-50\">\n                <div class=\"icon-groups\">\n                    <a href=\"javascript:;\" class=\"view-gallery\" data-post-id=\"758\" data-src=\"https:\/\/www.sydneyhart.com\/wp-content\/uploads\/2019\/10\/IMG_3865-1.jpg\"\n                       data-ajax-url=\"https:\/\/www.sydneyhart.com\/wp-admin\/admin-ajax.php?_wpnonce=80fb12a349\"><i class=\"fa fa-search\"><\/i><\/a>\n                <\/div>\n            <\/div>\n        <\/div>\n    <\/div>\n<\/div>\n                <\/div>\n                                <div class=\"item\" data-gs-x=\"1\"\n                     data-gs-y=\"94\"\n                     data-gs-width=\"1\"\n                     data-gs-height=\"47\"\n                     data-skin=\"thumbnail-icon-gallery\"\n\n                     data-desktop-gs-x=\"1\"\n                     data-desktop-gs-y=\"94\"\n                     data-desktop-gs-width=\"1\"\n                     data-desktop-gs-height=\"47\"\n                     data-desktop-skin=\"thumbnail-icon-gallery\"\n\n                     data-image-width=\"700\"\n                     data-image-height=\"467\"\n                >\n                    <div class=\"grid-post-item thumbnail thumbnail-icon\" data-thumbnail-only=\"1\">\n    <div class=\"thumbnail-image\" data-img=\"https:\/\/www.sydneyhart.com\/wp-content\/uploads\/2019\/10\/IMG_3981-1.jpg\">\n                    <img decoding=\"async\" src=\"https:\/\/www.sydneyhart.com\/wp-content\/uploads\/2019\/10\/IMG_3981-1.jpg\" alt=\"IMG_3981\" >\n                <div class=\"hover-outer transition-30\">\n                            <a href=\"https:\/\/www.sydneyhart.com\/img_3981-2\/\" title=\"IMG_3981\"><\/a>\n                        <div class=\"hover-inner transition-50\">\n                <div class=\"icon-groups\">\n                    <a href=\"javascript:;\" class=\"view-gallery\" data-post-id=\"759\" data-src=\"https:\/\/www.sydneyhart.com\/wp-content\/uploads\/2019\/10\/IMG_3981-1.jpg\"\n                       data-ajax-url=\"https:\/\/www.sydneyhart.com\/wp-admin\/admin-ajax.php?_wpnonce=80fb12a349\"><i class=\"fa fa-search\"><\/i><\/a>\n                <\/div>\n            <\/div>\n        <\/div>\n    <\/div>\n<\/div>\n                <\/div>\n                                <div class=\"item\" data-gs-x=\"0\"\n                     data-gs-y=\"141\"\n                     data-gs-width=\"1\"\n                     data-gs-height=\"47\"\n                     data-skin=\"thumbnail-icon-gallery\"\n\n                     data-desktop-gs-x=\"0\"\n                     data-desktop-gs-y=\"141\"\n                     data-desktop-gs-width=\"1\"\n                     data-desktop-gs-height=\"47\"\n                     data-desktop-skin=\"thumbnail-icon-gallery\"\n\n                     data-image-width=\"700\"\n                     data-image-height=\"467\"\n                >\n                    <div class=\"grid-post-item thumbnail thumbnail-icon\" data-thumbnail-only=\"1\">\n    <div class=\"thumbnail-image\" data-img=\"https:\/\/www.sydneyhart.com\/wp-content\/uploads\/2019\/10\/IMG_3982-1.jpg\">\n                    <img decoding=\"async\" src=\"https:\/\/www.sydneyhart.com\/wp-content\/uploads\/2019\/10\/IMG_3982-1.jpg\" alt=\"IMG_3982\" >\n                <div class=\"hover-outer transition-30\">\n                            <a href=\"https:\/\/www.sydneyhart.com\/index.php\/front-test\/img_3982-2\/\" title=\"IMG_3982\"><\/a>\n                        <div class=\"hover-inner transition-50\">\n                <div class=\"icon-groups\">\n                    <a href=\"javascript:;\" class=\"view-gallery\" data-post-id=\"760\" data-src=\"https:\/\/www.sydneyhart.com\/wp-content\/uploads\/2019\/10\/IMG_3982-1.jpg\"\n                       data-ajax-url=\"https:\/\/www.sydneyhart.com\/wp-admin\/admin-ajax.php?_wpnonce=80fb12a349\"><i class=\"fa fa-search\"><\/i><\/a>\n                <\/div>\n            <\/div>\n        <\/div>\n    <\/div>\n<\/div>\n                <\/div>\n                                <div class=\"item\" data-gs-x=\"1\"\n                     data-gs-y=\"141\"\n                     data-gs-width=\"1\"\n                     data-gs-height=\"47\"\n                     data-skin=\"thumbnail-icon-gallery\"\n\n                     data-desktop-gs-x=\"1\"\n                     data-desktop-gs-y=\"141\"\n                     data-desktop-gs-width=\"1\"\n                     data-desktop-gs-height=\"47\"\n                     data-desktop-skin=\"thumbnail-icon-gallery\"\n\n                     data-image-width=\"700\"\n                     data-image-height=\"467\"\n                >\n                    <div class=\"grid-post-item thumbnail thumbnail-icon\" data-thumbnail-only=\"1\">\n    <div class=\"thumbnail-image\" data-img=\"https:\/\/www.sydneyhart.com\/wp-content\/uploads\/2019\/10\/IMG_3987-copy.jpg\">\n                    <img decoding=\"async\" src=\"https:\/\/www.sydneyhart.com\/wp-content\/uploads\/2019\/10\/IMG_3987-copy.jpg\" alt=\"IMG_3987 copy\" >\n                <div class=\"hover-outer transition-30\">\n                            <a href=\"https:\/\/www.sydneyhart.com\/img_3987-copy\/\" title=\"IMG_3987 copy\"><\/a>\n                        <div class=\"hover-inner transition-50\">\n                <div class=\"icon-groups\">\n                    <a href=\"javascript:;\" class=\"view-gallery\" data-post-id=\"772\" data-src=\"https:\/\/www.sydneyhart.com\/wp-content\/uploads\/2019\/10\/IMG_3987-copy.jpg\"\n                       data-ajax-url=\"https:\/\/www.sydneyhart.com\/wp-admin\/admin-ajax.php?_wpnonce=80fb12a349\"><i class=\"fa fa-search\"><\/i><\/a>\n                <\/div>\n            <\/div>\n        <\/div>\n    <\/div>\n<\/div>\n                <\/div>\n                        <\/div>\n\n            <\/div>\n<\/div>\n\n<p>Examining recent revelations concerning the widespread tax avoidance of Canadian corporations, the <em>National Gall<\/em> exhibition poses the question: what lies hidden behind corporate \u201cgifts\u201d to major museums and cultural institutions?<\/p>\n<p class=\"\">The exhibition specifically addresses financial networks of some of the largest corporations in the extractive sector headquartered in Canada, including Barrick Gold (Toronto); Husky Energy (Calgary); Imperial Oil (Calgary), and Enbridge (Calgary). While these corporations are notorious for many things, less well known are the shell companies \u2014companies or corporations existing solely on paper\u2014 that connect Canadian headquarters to offshore jurisdictions. In French, a shell company is called \u201csoci\u00e9t\u00e9 \u00e9cran,\u201d literally: a screen company. What are the forms of transparency and opacity, the visible donations and the hidden transactions, that characterize corporate influence from extractive industries today?<\/p>\n<p><em>National Gall<\/em><\/p>\n<p>September 30\u2013October 4, 2019<br \/>Art &amp; Media Lab, Isabel Bader Centre, Queen\u2019s University, Kingston, ON<br \/>Video installation with two spotlights, assorted cellophane and acetate sheets, and network graph prints on acetate<br \/>Special thanks to Cameron Miller and Elvira Hufschmid<\/p>\n<p><em>&nbsp;<\/em><\/p>\n<p>&nbsp;<\/p>\n<\/div>\n<\/div>\n<\/div>\n<\/div>\n","protected":false},"excerpt":{"rendered":"<p>Examining recent revelations concerning the widespread tax avoidance of Canadian corporations, the National Gall exhibition poses the question: what lies hidden behind corporate \u201cgifts\u201d to major museums and cultural institutions? The exhibition specifically addresses financial networks of some of the largest corporations in the extractive sector headquartered in Canada, including Barrick Gold (Toronto); Husky Energy [&hellip;]<\/p>\n","protected":false},"author":1,"featured_media":759,"parent":0,"menu_order":0,"comment_status":"closed","ping_status":"closed","template":"","meta":{"bgseo_title":"","bgseo_description":"","bgseo_robots_index":"index","bgseo_robots_follow":"follow","footnotes":""},"categories":[6],"tags":[],"class_list":["post-832","page","type-page","status-publish","has-post-thumbnail","hentry","category-projects"],"jetpack_sharing_enabled":true,"_links":{"self":[{"href":"https:\/\/www.sydneyhart.com\/index.php\/wp-json\/wp\/v2\/pages\/832","targetHints":{"allow":["GET"]}}],"collection":[{"href":"https:\/\/www.sydneyhart.com\/index.php\/wp-json\/wp\/v2\/pages"}],"about":[{"href":"https:\/\/www.sydneyhart.com\/index.php\/wp-json\/wp\/v2\/types\/page"}],"author":[{"embeddable":true,"href":"https:\/\/www.sydneyhart.com\/index.php\/wp-json\/wp\/v2\/users\/1"}],"replies":[{"embeddable":true,"href":"https:\/\/www.sydneyhart.com\/index.php\/wp-json\/wp\/v2\/comments?post=832"}],"version-history":[{"count":12,"href":"https:\/\/www.sydneyhart.com\/index.php\/wp-json\/wp\/v2\/pages\/832\/revisions"}],"predecessor-version":[{"id":1011,"href":"https:\/\/www.sydneyhart.com\/index.php\/wp-json\/wp\/v2\/pages\/832\/revisions\/1011"}],"wp:featuredmedia":[{"embeddable":true,"href":"https:\/\/www.sydneyhart.com\/index.php\/wp-json\/wp\/v2\/media\/759"}],"wp:attachment":[{"href":"https:\/\/www.sydneyhart.com\/index.php\/wp-json\/wp\/v2\/media?parent=832"}],"wp:term":[{"taxonomy":"category","embeddable":true,"href":"https:\/\/www.sydneyhart.com\/index.php\/wp-json\/wp\/v2\/categories?post=832"},{"taxonomy":"post_tag","embeddable":true,"href":"https:\/\/www.sydneyhart.com\/index.php\/wp-json\/wp\/v2\/tags?post=832"}],"curies":[{"name":"wp","href":"https:\/\/api.w.org\/{rel}","templated":true}]}}